{"id":2786,"date":"2017-08-05T13:40:49","date_gmt":"2017-08-05T17:40:49","guid":{"rendered":"https:\/\/acaweb.ca\/staging\/fr\/?page_id=2786"},"modified":"2023-01-23T11:34:42","modified_gmt":"2023-01-23T16:34:42","slug":"negotiations-entente-publicite-tele-radio-uda","status":"publish","type":"page","link":"https:\/\/acaweb.ca\/staging\/fr\/leadership\/initiatives-actuelles\/negotiations-entente-publicite-tele-radio-uda\/","title":{"rendered":"N\u00e9gociations de l\u2019entente sur la publicit\u00e9 t\u00e9l\u00e9 et radio avec l\u2019UDA"},"content":{"rendered":"<h2><strong>N\u00e9gociations avec l&rsquo;UDA et priorit\u00e9s de l&rsquo;ACA<\/strong><\/h2>\n<p>L\u2019ACA n\u00e9gocie au nom des annonceurs canadiens les ententes avec l\u2019Union des artistes (UDA) sur la publicit\u00e9 t\u00e9l\u00e9 et radio, et <a href=\"https:\/\/acaweb.ca\/staging\/fr\/leadership\/etudes-de-cas\/\">l&rsquo;Internet et les nouveaux m\u00e9dias<\/a>. L\u2019UDA repr\u00e9sente tous les artistes engag\u00e9s pour la production de publicit\u00e9s de langue fran\u00e7aise destin\u00e9es au march\u00e9 canadien, peu importe leur lieu de production.<\/p>\n<p>Les pourparlers en vue du renouvellement de l\u2019entente sur la publicit\u00e9 t\u00e9l\u00e9 et radio se poursuivent et, jusqu\u2019\u00e0 nouvel ordre, les conditions de l\u2019entente 2012-2015 continuent de s\u2019appliquer.<\/p>\n<p><img decoding=\"async\" loading=\"lazy\" class=\"alignleft size-full wp-image-3417\" style=\"margin-right: 1em; border: none;\" src=\"https:\/\/acaweb.ca\/staging\/en\/wp-content\/uploads\/sites\/2\/2018\/02\/key-green-whitesp.png\" alt=\"members only\" width=\"30\" height=\"15\" \/><em>Ce symbole signifie que vous devez \u00eatre membre de l\u2019ACA pour acc\u00e9der \u00e0 ce contenu<\/em><\/p>\n<p>&nbsp;<\/p>\n<h3><strong>Info-annonceurs<\/strong><\/h3>\n<p>(9 avril 2020) <a class=\"\" href=\"https:\/\/imis.acaweb.ca\/aca\/acafr\/portail\/Sign_In.aspx?returnurl=\/aca\/Custom\/Relay.aspx?nextUrl=https:\/\/acaweb.ca\/staging\/fr\/wp-json\/wp\/v2\/pages\/2786?login=true\">Entente entre l\u2019Union des artistes (UDA) et l\u2019Association des producteurs conjoints (APC) en lien avec la pand\u00e9mie de COVID-19<\/a><br \/>\n(20 janvier 2020) <a class=\"\" href=\"https:\/\/imis.acaweb.ca\/aca\/acafr\/portail\/Sign_In.aspx?returnurl=\/aca\/Custom\/Relay.aspx?nextUrl=https:\/\/acaweb.ca\/staging\/fr\/wp-json\/wp\/v2\/pages\/2786?login=true\">Mise \u00e0 jour sur les n\u00e9gociations sur les ententes t\u00e9l\u00e9\/radio et INM<\/a><br \/>\n(15 mars 2019) <a class=\"\" href=\"https:\/\/imis.acaweb.ca\/aca\/acafr\/portail\/Sign_In.aspx?returnurl=\/aca\/Custom\/Relay.aspx?nextUrl=https:\/\/acaweb.ca\/staging\/fr\/wp-json\/wp\/v2\/pages\/2786?login=true\">N\u00e9gociation de l\u2019entente collective pour la production d\u2019annonces publicitaires TV-radio entre l\u2019UDA et l\u2019APC <\/a><img decoding=\"async\" loading=\"lazy\" class=\"size-full wp-image-3417 alignnone\" style=\"margin-left: 1em; border: none;\" src=\"https:\/\/acaweb.ca\/staging\/en\/wp-content\/uploads\/sites\/2\/2018\/02\/key-green-whitesp.png\" alt=\"members only\" width=\"30\" height=\"15\" \/><br \/>\n(23 juillet 2017) <a class=\"\" href=\"https:\/\/imis.acaweb.ca\/aca\/acafr\/portail\/Sign_In.aspx?returnurl=\/aca\/Custom\/Relay.aspx?nextUrl=https:\/\/acaweb.ca\/staging\/fr\/wp-json\/wp\/v2\/pages\/2786?login=true\">Les n\u00e9gociations entre les l\u2019Association des producteurs conjoints et l\u2019Union des artistes sont interrompues<\/a><img decoding=\"async\" loading=\"lazy\" class=\"size-full wp-image-3417 alignnone\" style=\"margin-left: 1em; border: none;\" src=\"https:\/\/acaweb.ca\/staging\/en\/wp-content\/uploads\/sites\/2\/2018\/02\/key-green-whitesp.png\" alt=\"members only\" width=\"30\" height=\"15\" \/><br \/>\n(13 juin 2017) <a class=\"\" href=\"https:\/\/imis.acaweb.ca\/aca\/acafr\/portail\/Sign_In.aspx?returnurl=\/aca\/Custom\/Relay.aspx?nextUrl=https:\/\/acaweb.ca\/staging\/fr\/wp-json\/wp\/v2\/pages\/2786?login=true\">L\u2019UDA renonce \u00e0 ses moyens de pression au moins jusqu\u2019au 22 juin<\/a><img decoding=\"async\" loading=\"lazy\" class=\"size-full wp-image-3417 alignnone\" style=\"margin-left: 1em; border: none;\" src=\"https:\/\/acaweb.ca\/staging\/en\/wp-content\/uploads\/sites\/2\/2018\/02\/key-green-whitesp.png\" alt=\"members only\" width=\"30\" height=\"15\" \/><br \/>\n(7 juin 2017) <a class=\"\" href=\"https:\/\/imis.acaweb.ca\/aca\/acafr\/portail\/Sign_In.aspx?returnurl=\/aca\/Custom\/Relay.aspx?nextUrl=https:\/\/acaweb.ca\/staging\/fr\/wp-json\/wp\/v2\/pages\/2786?login=true\">L\u2019UDA brandit la menace des moyens de pression<\/a><img decoding=\"async\" loading=\"lazy\" class=\"size-full wp-image-3417 alignnone\" style=\"margin-left: 1em; border: none;\" src=\"https:\/\/acaweb.ca\/staging\/en\/wp-content\/uploads\/sites\/2\/2018\/02\/key-green-whitesp.png\" alt=\"members only\" width=\"30\" height=\"15\" \/><br \/>\n(22 mai 2017) <a class=\"\" href=\"https:\/\/imis.acaweb.ca\/aca\/acafr\/portail\/Sign_In.aspx?returnurl=\/aca\/Custom\/Relay.aspx?nextUrl=https:\/\/acaweb.ca\/staging\/fr\/wp-json\/wp\/v2\/pages\/2786?login=true\">L\u2019UDA mobilise ses troupes<\/a><img decoding=\"async\" loading=\"lazy\" class=\"size-full wp-image-3417 alignnone\" style=\"margin-left: 1em; border: none;\" src=\"https:\/\/acaweb.ca\/staging\/en\/wp-content\/uploads\/sites\/2\/2018\/02\/key-green-whitesp.png\" alt=\"members only\" width=\"30\" height=\"15\" \/><br \/>\n(4 mai 2017) <a class=\"\" href=\"https:\/\/imis.acaweb.ca\/aca\/acafr\/portail\/Sign_In.aspx?returnurl=\/aca\/Custom\/Relay.aspx?nextUrl=https:\/\/acaweb.ca\/staging\/fr\/wp-json\/wp\/v2\/pages\/2786?login=true\">Les n\u00e9gociations avec l\u2019UDA : la m\u00e9diation suit son cours<\/a><img decoding=\"async\" loading=\"lazy\" class=\"size-full wp-image-3417 alignnone\" style=\"margin-left: 1em; border: none;\" src=\"https:\/\/acaweb.ca\/staging\/en\/wp-content\/uploads\/sites\/2\/2018\/02\/key-green-whitesp.png\" alt=\"members only\" width=\"30\" height=\"15\" \/><\/p>\n<p>&nbsp;<\/p>\n<h3><strong>Plus d\u2019information<\/strong><\/h3>\n<p>Consultez <a href=\"https:\/\/acaweb.ca\/staging\/fr\/resource\/uda-entente-sur-la-publicite-tele-et-radio\/\">l\u2019entente<\/a> avec l\u2019Union des artistes sur la publicit\u00e9 radio et t\u00e9l\u00e9<\/p>\n","protected":false},"excerpt":{"rendered":"<p>N\u00e9gociations avec l&rsquo;UDA et priorit\u00e9s de l&rsquo;ACA L\u2019ACA n\u00e9gocie au nom des annonceurs canadiens les ententes avec l\u2019Union des artistes (UDA) sur la publicit\u00e9 t\u00e9l\u00e9 et radio, et l&rsquo;Internet et les nouveaux m\u00e9dias. L\u2019UDA repr\u00e9sente tous les artistes engag\u00e9s pour la production de publicit\u00e9s de langue fran\u00e7aise destin\u00e9es au march\u00e9 canadien, peu importe leur lieu [&hellip;]<\/p>\n","protected":false},"author":1,"featured_media":0,"parent":340,"menu_order":4,"comment_status":"closed","ping_status":"closed","template":"leadership-grandchild.php","meta":[],"acf":[],"yoast_head":"<!-- This site is optimized with the Yoast SEO plugin v18.1 - https:\/\/yoast.com\/wordpress\/plugins\/seo\/ -->\n<title>Association canadienne des annonceurs<\/title>\n<meta name=\"robots\" content=\"index, follow, max-snippet:-1, max-image-preview:large, max-video-preview:-1\" \/>\n<meta property=\"og:locale\" content=\"fr_CA\" \/>\n<meta property=\"og:type\" content=\"article\" \/>\n<meta property=\"og:site_name\" content=\"Association canadienne des annonceurs\" \/>\n<meta name=\"twitter:card\" content=\"summary\" \/>\n<script type=\"application\/ld+json\" class=\"yoast-schema-graph\">{\"@context\":\"https:\/\/schema.org\",\"@graph\":[{\"@type\":\"WebSite\",\"@id\":\"https:\/\/acaweb.ca\/staging\/fr\/#website\",\"url\":\"https:\/\/acaweb.ca\/staging\/fr\/\",\"name\":\"Association canadienne des annonceurs\",\"description\":\"\",\"potentialAction\":[{\"@type\":\"SearchAction\",\"target\":{\"@type\":\"EntryPoint\",\"urlTemplate\":\"https:\/\/acaweb.ca\/staging\/fr\/?s={search_term_string}\"},\"query-input\":\"required name=search_term_string\"}],\"inLanguage\":\"fr-CA\"},{\"@type\":\"CollectionPage\",\"@id\":\"#webpage\",\"url\":\"\",\"name\":\"\",\"isPartOf\":{\"@id\":\"https:\/\/acaweb.ca\/staging\/fr\/#website\"},\"breadcrumb\":{\"@id\":\"#breadcrumb\"},\"inLanguage\":\"fr-CA\",\"potentialAction\":[{\"@type\":\"ReadAction\",\"target\":[\"\"]}]},{\"@type\":\"BreadcrumbList\",\"@id\":\"#breadcrumb\",\"itemListElement\":[{\"@type\":\"ListItem\",\"position\":1,\"name\":\"Accueil\",\"item\":\"https:\/\/acaweb.ca\/staging\/fr\/\"},{\"@type\":\"ListItem\",\"position\":2,\"name\":\"\"}]}]}<\/script>\n<!-- \/ Yoast SEO plugin. -->","yoast_head_json":{"title":"Association canadienne des annonceurs","robots":{"index":"index","follow":"follow","max-snippet":"max-snippet:-1","max-image-preview":"max-image-preview:large","max-video-preview":"max-video-preview:-1"},"og_locale":"fr_CA","og_type":"article","og_site_name":"Association canadienne des annonceurs","twitter_card":"summary","schema":{"@context":"https:\/\/schema.org","@graph":[{"@type":"WebSite","@id":"https:\/\/acaweb.ca\/staging\/fr\/#website","url":"https:\/\/acaweb.ca\/staging\/fr\/","name":"Association canadienne des annonceurs","description":"","potentialAction":[{"@type":"SearchAction","target":{"@type":"EntryPoint","urlTemplate":"https:\/\/acaweb.ca\/staging\/fr\/?s={search_term_string}"},"query-input":"required name=search_term_string"}],"inLanguage":"fr-CA"},{"@type":"CollectionPage","@id":"#webpage","url":"","name":"","isPartOf":{"@id":"https:\/\/acaweb.ca\/staging\/fr\/#website"},"breadcrumb":{"@id":"#breadcrumb"},"inLanguage":"fr-CA","potentialAction":[{"@type":"ReadAction","target":[""]}]},{"@type":"BreadcrumbList","@id":"#breadcrumb","itemListElement":[{"@type":"ListItem","position":1,"name":"Accueil","item":"https:\/\/acaweb.ca\/staging\/fr\/"},{"@type":"ListItem","position":2,"name":""}]}]}},"_links":{"self":[{"href":"https:\/\/acaweb.ca\/staging\/fr\/wp-json\/wp\/v2\/pages\/2786"}],"collection":[{"href":"https:\/\/acaweb.ca\/staging\/fr\/wp-json\/wp\/v2\/pages"}],"about":[{"href":"https:\/\/acaweb.ca\/staging\/fr\/wp-json\/wp\/v2\/types\/page"}],"author":[{"embeddable":true,"href":"https:\/\/acaweb.ca\/staging\/fr\/wp-json\/wp\/v2\/users\/1"}],"replies":[{"embeddable":true,"href":"https:\/\/acaweb.ca\/staging\/fr\/wp-json\/wp\/v2\/comments?post=2786"}],"version-history":[{"count":18,"href":"https:\/\/acaweb.ca\/staging\/fr\/wp-json\/wp\/v2\/pages\/2786\/revisions"}],"predecessor-version":[{"id":6924,"href":"https:\/\/acaweb.ca\/staging\/fr\/wp-json\/wp\/v2\/pages\/2786\/revisions\/6924"}],"up":[{"embeddable":true,"href":"https:\/\/acaweb.ca\/staging\/fr\/wp-json\/wp\/v2\/pages\/340"}],"wp:attachment":[{"href":"https:\/\/acaweb.ca\/staging\/fr\/wp-json\/wp\/v2\/media?parent=2786"}],"curies":[{"name":"wp","href":"https:\/\/api.w.org\/{rel}","templated":true}]}}

Négociations de l’entente sur la publicité télé et radio avec l’UDA

<h2><strong>Négociations avec l&rsquo;UDA et priorités de l&rsquo;ACA</strong></h2>
<p>L’ACA négocie au nom des annonceurs canadiens les ententes avec l’Union des artistes (UDA) sur la publicité télé et radio, et <a href="https://acaweb.ca/staging/fr/leadership/etudes-de-cas/">l&rsquo;Internet et les nouveaux médias</a>. L’UDA représente tous les artistes engagés pour la production de publicités de langue française destinées au marché canadien, peu importe leur lieu de production.</p>
<p>Les pourparlers en vue du renouvellement de l’entente sur la publicité télé et radio se poursuivent et, jusqu’à nouvel ordre, les conditions de l’entente 2012-2015 continuent de s’appliquer.</p>
<p><img decoding="async" loading="lazy" class="alignleft size-full wp-image-3417" style="margin-right: 1em; border: none;" src="https://acaweb.ca/staging/en/wp-content/uploads/sites/2/2018/02/key-green-whitesp.png" alt="members only" width="30" height="15" /><em>Ce symbole signifie que vous devez être membre de l’ACA pour accéder à ce contenu</em></p>
<p>&nbsp;</p>
<h3><strong>Info-annonceurs</strong></h3>
<p>(9 avril 2020) <a class="" href="https://imis.acaweb.ca/aca/acafr/portail/Sign_In.aspx?returnurl=/aca/Custom/Relay.aspx?nextUrl=https://acaweb.ca/staging/fr/wp-json/wp/v2/pages/2786?login=true">Entente entre l’Union des artistes (UDA) et l’Association des producteurs conjoints (APC) en lien avec la pandémie de COVID-19</a><br />
(20 janvier 2020) <a class="" href="https://imis.acaweb.ca/aca/acafr/portail/Sign_In.aspx?returnurl=/aca/Custom/Relay.aspx?nextUrl=https://acaweb.ca/staging/fr/wp-json/wp/v2/pages/2786?login=true">Mise à jour sur les négociations sur les ententes télé/radio et INM</a><br />
(15 mars 2019) <a class="" href="https://imis.acaweb.ca/aca/acafr/portail/Sign_In.aspx?returnurl=/aca/Custom/Relay.aspx?nextUrl=https://acaweb.ca/staging/fr/wp-json/wp/v2/pages/2786?login=true">Négociation de l’entente collective pour la production d’annonces publicitaires TV-radio entre l’UDA et l’APC </a><img decoding="async" loading="lazy" class="size-full wp-image-3417 alignnone" style="margin-left: 1em; border: none;" src="https://acaweb.ca/staging/en/wp-content/uploads/sites/2/2018/02/key-green-whitesp.png" alt="members only" width="30" height="15" /><br />
(23 juillet 2017) <a class="" href="https://imis.acaweb.ca/aca/acafr/portail/Sign_In.aspx?returnurl=/aca/Custom/Relay.aspx?nextUrl=https://acaweb.ca/staging/fr/wp-json/wp/v2/pages/2786?login=true">Les négociations entre les l’Association des producteurs conjoints et l’Union des artistes sont interrompues</a><img decoding="async" loading="lazy" class="size-full wp-image-3417 alignnone" style="margin-left: 1em; border: none;" src="https://acaweb.ca/staging/en/wp-content/uploads/sites/2/2018/02/key-green-whitesp.png" alt="members only" width="30" height="15" /><br />
(13 juin 2017) <a class="" href="https://imis.acaweb.ca/aca/acafr/portail/Sign_In.aspx?returnurl=/aca/Custom/Relay.aspx?nextUrl=https://acaweb.ca/staging/fr/wp-json/wp/v2/pages/2786?login=true">L’UDA renonce à ses moyens de pression au moins jusqu’au 22 juin</a><img decoding="async" loading="lazy" class="size-full wp-image-3417 alignnone" style="margin-left: 1em; border: none;" src="https://acaweb.ca/staging/en/wp-content/uploads/sites/2/2018/02/key-green-whitesp.png" alt="members only" width="30" height="15" /><br />
(7 juin 2017) <a class="" href="https://imis.acaweb.ca/aca/acafr/portail/Sign_In.aspx?returnurl=/aca/Custom/Relay.aspx?nextUrl=https://acaweb.ca/staging/fr/wp-json/wp/v2/pages/2786?login=true">L’UDA brandit la menace des moyens de pression</a><img decoding="async" loading="lazy" class="size-full wp-image-3417 alignnone" style="margin-left: 1em; border: none;" src="https://acaweb.ca/staging/en/wp-content/uploads/sites/2/2018/02/key-green-whitesp.png" alt="members only" width="30" height="15" /><br />
(22 mai 2017) <a class="" href="https://imis.acaweb.ca/aca/acafr/portail/Sign_In.aspx?returnurl=/aca/Custom/Relay.aspx?nextUrl=https://acaweb.ca/staging/fr/wp-json/wp/v2/pages/2786?login=true">L’UDA mobilise ses troupes</a><img decoding="async" loading="lazy" class="size-full wp-image-3417 alignnone" style="margin-left: 1em; border: none;" src="https://acaweb.ca/staging/en/wp-content/uploads/sites/2/2018/02/key-green-whitesp.png" alt="members only" width="30" height="15" /><br />
(4 mai 2017) <a class="" href="https://imis.acaweb.ca/aca/acafr/portail/Sign_In.aspx?returnurl=/aca/Custom/Relay.aspx?nextUrl=https://acaweb.ca/staging/fr/wp-json/wp/v2/pages/2786?login=true">Les négociations avec l’UDA : la médiation suit son cours</a><img decoding="async" loading="lazy" class="size-full wp-image-3417 alignnone" style="margin-left: 1em; border: none;" src="https://acaweb.ca/staging/en/wp-content/uploads/sites/2/2018/02/key-green-whitesp.png" alt="members only" width="30" height="15" /></p>
<p>&nbsp;</p>
<h3><strong>Plus d’information</strong></h3>
<p>Consultez <a href="https://acaweb.ca/staging/fr/resource/uda-entente-sur-la-publicite-tele-et-radio/">l’entente</a> avec l’Union des artistes sur la publicité radio et télé</p>

<p>Négociations avec l&rsquo;UDA et priorités de l&rsquo;ACA L’ACA négocie au nom des annonceurs canadiens les ententes avec l’Union des artistes (UDA) sur la publicité télé et radio, et l&rsquo;Internet et les nouveaux médias. L’UDA représente tous les artistes engagés pour la production de publicités de langue française destinées au marché canadien, peu importe leur lieu [&hellip;]</p>
